f l(-10)?
4
Suppose 3*w = -5*v + 1376, -335 = -5*w - 3*v + 1937. What is the tens digit of w?
5
Let o(d) = 15*d - 39. Let u(x) = -7*x + 20. Let k(i) = 6*o(i) + 13*u(i). Suppose -62*l = -72*l - 190. What is the tens digit of k(l)?
4
Let b(l) = l**3 - 10*l**2 + 4. Let x be b(10). Suppose 3*m = 0, 3*r - x*m = -2*m + 321. What is the hundreds digit of r?
1
Let h(s) = s - 7. Let g be h(-14). What is the tens digit of (-86 - -1 - 2)*28/g?
1
Suppose -4*p - 12 = 4*b, -3*p + 0 = 4*b + 8. Let q(a) = 3*a**2 + a. Let j be q(b). Suppose 7*r - 45 = j*r. What is the units digit of r?
5
Let d(a) = -a**3 + 12*a**2 - 14*a + 8. Let c be d(9). Suppose 5*j - r = c, r + r = -j + 36. Let w = -13 + j. What is the tens digit of w?
1
Let i(x) = -8 - 16*x**3 + 1 + 9*x**3 + 10*x**3 - 5*x**2. What is the hundreds digit of i(4)?
1
Let c(g) = g. Suppose 0 = 4*m - 5*m + 5. Let o be c(m). Suppose -o*s + 60 = -70. What is the units digit of s?
6
Let t be (0 + 6/2)*-4. Suppose 3*g - g = b + 59, 2*g - 5*b = 79. Let w = g + t. What is the units digit of w?
5
What is the tens digit of 15/3 - (-22784)/(5 + 3)?
5
Suppose -51 = -246*h + 245*h. What is the units digit of h?
1
Suppose -r + 44 = -4*w + 3*w, -2*r + 91 = -w. What is the units digit of r?
7
Let l = -97 - -117. What is the hundreds digit of ((-116)/(-8))/(1*2/l)?
1
Let c(u) = 9*u + 37. What is the hundreds digit of c(8)?
1
Let s(n) = 21*n - 7. Let i(p) = -43*p + 13. Let u(j) = 6*i(j) + 13*s(j). What is the tens digit of u(6)?
7
Suppose 5*m = 5*o - 5 + 30, -o + 7 = 5*m. What is the tens digit of ((-160)/25)/(m/(-5))?
1
Suppose 0 = 2*i + 5*j + 1606 - 4356, 0 = -5*i + 5*j + 6840. What is the units digit of i?
0
Let p be 8 - 10 - -3*34. Suppose r - 27 = p. What is the units digit of r?
7
Suppose 3*f = 6768 + 2934. What is the units digit of f?
4
Let t = -4 + 5. Let b(c) = -c**2 + 1 + 7 + 1 - t + 10*c. What is the tens digit of b(9)?
1
Suppose 6*i - 208 = 404. Let g = i - -59. What is the tens digit of g?
6
Let f = -46 - -55. Suppose -285 = -f*b - 105. What is the tens digit of b?
2
Suppose 4*h = 5*r - 41 + 1, 2*h + 3*r = 2. Let x(c) = 4*c**2 + 2*c + 19. What is the hundreds digit of x(h)?
1
Suppose -6859 - 3281 = -4*i. Suppose i = 9*n + 582. What is the hundreds digit of n?
2
Let q(j) = j**2 - 11*j - 10. Let t be q(12). Suppose -6*m - t*m = -624. What is the units digit of m?
8
Let w = 13 + -14. Let x be (10 - -2)*w + 4. Let q = x - -29. What is the tens digit of q?
2
Suppose -4*w + 38 = 2*p - 0*p, 3*w + 3*p - 30 = 0. Suppose w*x = 146 + 133. What is the units digit of x?
1
Let j = -7 - -5. Let k be 8/((-16)/12 - j). Suppose 3*p + 3*i = 84, 0*i + 4*i - k = 0. What is the tens digit of p?
2
Suppose 8*r + 26 = 10*r. Suppose 15*z - r*z = 410. What is the hundreds digit of z?
2
Suppose 3*q = 2*y - 0*q - 44, y = -2*q + 8. Let t be y/6 + 1/3. Suppose -t*w = -59 - 1. What is the units digit of w?
0
Let r(k) = 2*k**2 + k - 1. Let c(q) = q + 4. Let f be c(-3). Let u be r(f). Suppose -6 = -3*p, -4*h = -0*h - u*p - 88. What is the tens digit of h?
2
Let o(l) = l**3 - 2*l**2 + 3*l - 2. Suppose 4*p - 6 = 14. Suppose 0 = p*x - 3*x - 6. What is the units digit of o(x)?
6
Let p(f) = 8*f - 47. Let z be p(7). What is the tens digit of (-6)/z*(-2535)/10?
6
Let n = 21 + -25. What is the hundreds digit of n - ((-3)/(-3) - 112)?
1
What is the units digit of 284 - 1 - ((0 - 5) + 12)?
6
Let s = -18 + -70. Let u = 185 + s. Suppose 5*o - 43 = -2*q, 2*o + u - 23 = 4*q. What is the units digit of q?
9
What is the thousands digit of 2175/6*(7 + 0 + -3)?
1
Let p(g) = -g**2 + 2*g - 1. Let y be p(1). Suppose -3*r - 4*m + 3064 = y, -r - m = -6*r + 5099. What is the units digit of (-2)/7 - r/(-42)?
4
Let z(q) = -8*q**3 + q**2 + 1. Let j be z(1). Let m be 1*(-4)/j*3. Suppose -36 = -m*t + 4*o, -o - 21 = t - 3*t. What is the units digit of t?
8
Let x(m) = m**2 + 7*m - 5. Let z be x(-8). What is the tens digit of z/3*-1*(-116)/2?
5
Let k = -18 - -28. Let w = 30 - k. Let v = 37 - w. What is the units digit of v?
7
Suppose 4*a - 2*n = 1900 + 408, -3*n = -5*a + 2883. What is the tens digit of a?
7
Suppose 0*v + 544 = 2*v. What is the tens digit of v?
7
Suppose 21*z = 27*z + 36. What is the units digit of (-4)/z*(-9 + 3)*-16?
4
Let q = -23 - -27. Suppose -3*f - 206 = -q*l, -2*l - 2*f - 254 = -7*l. What is the tens digit of l?
5
Let n = 133 + 29. Suppose 2*p + 2 = n. What is the units digit of p?
0
Let g(b) = 4*b**3 - 6*b - 4. Let a be g(-2). What is the units digit of (-9)/a - 1588/(-32)?
0
Let b = -55 + 60. Suppose -26*w = -25*w - b. What is the units digit of w?
5
Let h be (3 - 1)/(4/26). Let n = h + -13. Suppose n = -2*r + 4 - 12, 4 = -2*o - 5*r. What is the units digit of o?
8
Let w be (-18)/(-8)*(-1 + (-13)/3). Let d(a) = -a**3 - 10*a**2 + 18*a + 13. What is the units digit of d(w)?
5
Let c = 9 - -7. Suppose -w + 3*m = -191 + c, 0 = 5*w - 3*m - 851. What is the hundreds digit of w?
1
Let k be (-70)/(-20)*(-8)/(-14). Suppose 6 = 2*s - k*m, 2*m - 24 = -5*s - 9. Suppose -s*c - 2*r = -30, c + 2*r - 9 - 1 = 0. What is the tens digit of c?
1
Suppose 10*r - 11*r + 4 = 0. Suppose -f + r*f = 4*x - 175, 42 = x + f. What is the units digit of x?
3
Let k(m) = 100*m + 13. Let z be k(3). Let b = 544 - z. What is the tens digit of b?
3
Let r(b) = 6 - 2*b**2 - 3 - 2 + b. Let g be r(2). Let s(h) = 2*h**2 + 1. What is the units digit of s(g)?
1
Let h be (-2)/(-4)*14/1. What is the tens digit of h/(-28) + (-266)/(-8)?
3
Suppose -5*a + 56 = 16. Suppose -a*f + 395 = -3*f. What is the units digit of f?
9
Let f be ((-4)/16*0)/(-2). Let l(n) = n**3 + n**2 + 2*n + 82. What is the tens digit of l(f)?
8
Suppose 19 = -4*x + 3, 0 = -3*c - 3*x + 51. Suppose -c = -w + 32. Let h = w - 32. What is the units digit of h?
1
Let w(x) = 153*x + 2. What is the units digit of w(6)?
0
Let a(b) be the first derivative of -11*b**2/2 - 7*b + 11. Let m be a(-12). Suppose 0 = 3*k + 4*j + j - 73, -5*k = 5*j - m. What is the tens digit of k?
2
Let s(x) = 3*x + 2. Let m be s(0). Let f(k) = -2*k - 2*k + k**m + 1 - 3. What is the units digit of f(6)?
0
Let d(y) = 3*y + 4 + 0 + 2 - 7 + 160*y**2. What is the tens digit of d(1)?
6
Let i = 62 - 82. Let w(x) = -x**2 - 21*x + 26. What is the tens digit of w(i)?
4
Let h be 0 + (-25)/(-10)*(-76)/(-5). Suppose -2*q + 102 = -h. What is the units digit of q?
0
Let k(j) = -3 + 7 - 14*j + 7*j. Let h = -3 + 0. What is the tens digit of k(h)?
2
Let v(s) = s**2 + s. Let f(d) = 2*d**2 + 5*d + 4. Let w(h) = -f(h) + 4*v(h). Let b be w(-5). Suppose -b = -z - 2*z. What is the units digit of z?
7
Let k = 726 + 180. What is the units digit of k?
6
Suppose -w - w = -4*o - 432, 2*w - 3*o = 436. What is the units digit of w?
4
Suppose -b + 6 = 2*d + 4, -3*d = -3*b + 15. Suppose -4*u - 225 = -3*v, -4 = -v - b*u + 71. What is the tens digit of v?
7
Let m = -18 - 41. Let h = -7 - 31. Let t = h - m. What is the tens digit of t?
2
Let c(k) be the second derivative of 3*k**3/2 + 11*k**2/2 - 6*k. Let v(z) = 26*z + 34. Let i(u) = -7*c(u) + 2*v(u). What is the units digit of i(-5)?
6
Suppose 3025 = 18*o - 13*o. What is the units digit of o?
5
Let h be (-6)/3*4/8. What is the units digit of h/(-4 - (-575)/145)?
9
Suppose y + 5*o - 31 = 0, -y - 18 = -3*y + o. Suppose 0 = -7*g + 10 + y. What is the units digit of g?
3
Let o = 136 - -435. What is the tens digit of o?
7
Let y = 71 + 298. What is the tens digit of y?
6
Let v = 132 - -159. What is the hundreds digit of v?
2
Let o = -12 + 18. Suppose 0 = 11*q - o*q + 5. What is the units digit of (q/(-2))/(1/38)?
9
Suppose 5*a - 2*r = 20, r + 4 = a - 2*r. Suppose -8*f + 5*f = -12. Suppose -4*g = f*y - 76, -4*y - a*g = -2*y - 30. What is the tens digit of y?
2
Suppose -2*c = 3*x - 2450, 13*x + 3*c - 812 = 12*x. What is the tens digit of x?
1
Suppose 3*v - 30 = -3*m, 2*v - 3 = 2*m + 13. Suppose -3*x = 4*x - 2*x. Suppose 2*g - v - 33 = x. What is the units digit of g?
1
Suppose -723 = -d - 2*c, 20 = -11*c + 7*c. What is the tens digit of d?
3
Suppose 0 = -4*l - 0*l - o - 237, -o - 5 = 0. Let u = -127 - -5. Let v = l - u. What is the units digit of v?
4
Suppose -p = -c - 40, 0 = -c + 4*p - 26 - 14. Let v = c - -69. What is the tens digit of v?
2
Suppose -6*r + 60 = -11*r. Let i be r/(-18) + (-26)/3. Let b(c) = -c**3 - 7*c**2 + 7*c + 4. What is the units d